is the remainder when 86809 is divided by 74?
7
Calculate the remainder when 5470 is divided by 273.
10
What is the remainder when 891977 is divided by 9?
5
What is the remainder when 93699 is divided by 291?
288
What is the remainder when 36254 is divided by 370?
364
Calculate the remainder when 3467 is divided by 174.
161
Calculate the remainder when 26533 is divided by 2945.
28
What is the remainder when 152159 is divided by 345?
14
Calculate the remainder when 811 is divided by 48.
43
What is the remainder when 2279 is divided by 114?
113
What is the remainder when 2553 is divided by 128?
121
What is the remainder when 19549 is divided by 19?
17
What is the remainder when 144064 is divided by 66?
52
Calculate the remainder when 581 is divided by 430.
151
What is the remainder when 29597 is divided by 920?
157
Calculate the remainder when 5122 is divided by 40.
2
Calculate the remainder when 31190 is divided by 3898.
6
Calculate the remainder when 153734 is divided by 54.
50
Calculate the remainder when 18467 is divided by 879.
8
Calculate the remainder when 6453 is divided by 3222.
9
What is the remainder when 41279 is divided by 86?
85
What is the remainder when 39649 is divided by 325?
324
Calculate the remainder when 12056 is divided by 4005.
41
What is the remainder when 10934 is divided by 10837?
97
What is the remainder when 2803 is divided by 935?
933
What is the remainder when 8864 is divided by 32?
0
Calculate the remainder when 107375 is divided by 53680.
15
What is the remainder when 29639 is divided by 153?
110
Calculate the remainder when 6292 is divided by 526.
506
Calculate the remainder when 223878 is divided by 21.
18
What is the remainder when 177783 is divided by 313?
312
What is the remainder when 8348 is divided by 2080?
28
Calculate the remainder when 114025 is divided by 339.
121
What is the remainder when 1624 is divided by 422?
358
What is the remainder when 117 is divided by 36?
9
What is the remainder when 1444 is divided by 126?
58
Calculate the remainder when 315082 is divided by 231.
229
Calculate the remainder when 1532 is divided by 1426.
106
What is the remainder when 159992 is divided by 134?
130
Calculate the remainder when 3822 is divided by 1569.
684
What is the remainder when 1273 is divided by 259?
237
Calculate the remainder when 52190 is divided by 7.
5
Calculate the remainder when 29522 is divided by 63.
38
What is the remainder when 14056 is divided by 1065?
211
What is the remainder when 9423 is divided by 304?
303
What is the remainder when 13352 is divided by 257?
245
Calculate the remainder when 710484 is divided by 887.
884
What is the remainder when 15347 is divided by 5114?
5
What is the remainder when 4687 is divided by 934?
17
Calculate the remainder when 112078 is divided by 477.
460
What is the remainder when 22860 is divided by 266?
250
What is the remainder when 944 is divided by 35?
34
What is the remainder when 34561 is divided by 2862?
217
What is the remainder when 5758 is divided by 664?
446
Calculate the remainder when 89600 is divided by 224.
0
What is the remainder when 38159 is divided by 318?
317
What is the remainder when 304992 is divided by 304990?
2
Calculate the remainder when 788 is divided by 730.
58
What is the remainder when 7583 is divided by 70?
23
What is the remainder when 45069 is divided by 160?
109
Calculate the remainder when 1249 is divided by 308.
17
Calculate the remainder when 3639 is divided by 15.
9
Calculate the remainder when 27992 is divided by 13990.
12
Calculate the remainder when 2899 is divided by 954.
37
Calculate the remainder when 18598 is divided by 157.
72
Calculate the remainder when 2161 is divided by 2026.
135
What is the remainder when 34043 is divided by 152?
147
What is the remainder when 8569 is divided by 4259?
51
Calculate the remainder when 330923 is divided by 253.
252
Calculate the remainder when 333543 is divided by 555.
543
Calculate the remainder when 4199 is divided by 56.
55
Calculate the remainder when 4925 is divided by 818.
17
What is the remainder when 34847 is divided by 25?
22
What is the remainder when 10950 is divided by 10743?
207
What is the remainder when 228911 is divided by 851?
843
What is the remainder when 4890 is divided by 4879?
11
What is the remainder when 19890 is divided by 105?
45
Calculate the remainder when 2749 is divided by 1317.
115
Calculate the remainder when 40039 is divided by 237.
223
What is the remainder when 9727 is divided by 32?
31
What is the remainder when 24916 is divided by 4973?
51
What is the remainder when 212554 is divided by 104?
82
Calculate the remainder when 1970987 is divided by 463.
459
Calculate the remainder when 74491 is divided by 256.
251
Calculate the remainder when 14345 is divided by 20.
5
What is the remainder when 263715 is divided by 98?
95
What is the remainder when 16248 is divided by 706?
10
What is the remainder when 45817 is divided by 15152?
361
Calculate the remainder when 97597 is divided by 319.
302
What is the remainder when 8751 is divided by 33?
6
Calculate the remainder when 3242 is divided by 106.
62
What is the remainder when 811 is divided by 190?
51
Calculate the remainder when 8485 is divided by 2152.
2029
Calculate the remainder when 693393 is divided by 1133.
1130
Calculate the remainder when 762792 is divided by 70.
2
What is the remainder when 4456 is divided by 4350?
106
What is the remainder when 21529 is divided by 234?
1
Calculate the remainder when 1488 is divided by 1488.
0
What is the remainder when 19073 is divided by 1898?
93
Calculate the remainder when 7995 is divided by 229.
209
What is the remainder when 22310 is divided by 24?
14
Calculate the remainder when 322218 is divided by 54.
0
What is the remainder when 7758 is divided by 967?
22
What is the remainder when 2542 is divided by 15?
7
What is the remainder when 9437 is divided by 236?
233
What is the remainder when 21542 is divided by 490?
472
Calculate the remainder when 1328 is divided by 604.
120
Calculate the remainder when 8512 is divided by 1416.
16
Calculate the remainder when 8628 is divided by 618.
594
Calculate the remainder when 4469 is divided by 718.
161
Calculate the remainder when 4231 is divided by 3670.
561
What is the remainder when 2210 is divided by 2199?
11
Calculate the remainder when 68060 is divided by 7.
6
Calculate the remainder when 772 is divided by 12.
4
Calculate the remainder when 14560 is divided by 228.
196
What is the remainder when 20954 is divided by 491?
332
Calculate the remainder when 2440 is divided by 1428.
1012
Calculate the remainder when 2264 is divided by 281.
16
What is the remainder when 26663 is divided by 12896?
871
What is the remainder when 4394 is divided by 139?
85
Calculate the remainder when 4600 is divided by 511.
1
What is the remainder when 2168 is divided by 27?
8
What is the remainder when 195099 is divided by 134?
129
What is the remainder when 18242 is divided by 2917?
740
What is the remainder when 7957 is divided by 2640?
37
What is the remainder when 6255 is divided by 8?
7
What is the remainder when 150837 is divided by 231?
225
Calculate the remainder when 255 is divided by 69.
48
What is the remainder when 410157 is divided by 205073?
11
Calculate the remainder when 27862 is divided by 566.
128
What is the remainder when 159285 is divided by 13?
9
What is the remainder when 65120 is divided by 65049?
71
Calculate the remainder when 141357 is divided by 114.
111
What is the remainder when 3931 is divided by 393?
1
What is the remainder when 3719 is divided by 1032?
623
What is the remainder when 4975 is divided by 107?
53
Calculate the remainder when 87641 is divided by 177.
26
What is the remainder when 975281 is divided by 613?
611
Calculate the remainder when 57100 is divided by 234.
4
Calculate the remainder when 6279 is divided by 416.
39
Calculate the remainder when 12791 is divided by 6389.
13
Calculate the remainder when 3146 is divided by 131.
2
Calculate the remainder when 1439 is divided by 107.
48
What is the remainder when 2261 is divided by 267?
125
What is the remainder when 24306 is divided by 219?
216
Calculate the remainder when 367 is divided by 311.
56
What is the remainder when 758